
0
Suppose -5*p + 46*m + 12335 = 42*m, -p + 2*m + 2461 = 0. What is the thousands digit of p?
2
Let f = -5921 - -21820. What is the ten thousands digit of f?
1
Let p(c) = 5*c**2 + 9*c - 15. Let i be p(5). Suppose -i - 5 = -5*o. What is the units digit of o?
2
Let g(r) = 3007*r**2 - 756*r - 2271. What is the units digit of g(-3)?
0
Let w(p) = -p**2 + p + 0*p - 9 + 6*p**3 + 15*p**3 + 7*p + 2*p. What is the tens digit of w(3)?
7
Let f = -2019 - -8430. What is the hundreds digit of f?
4
Let c(t) = -t**3 - 11*t**2 + 12*t. Let b be c(-12). Suppose b = 2*o - 2, 0*o - 3*o + 5758 = 5*j. What is the hundreds digit of j?
1
Let m = 173 + -171. Suppose -2539 = -5*k + m*x, 503 = -k + 2*k - 2*x. What is the units digit of k?
9
Let z(r) be the second derivative of -71*r**3/6 + 12*r**2 + 3*r + 27. What is the units digit of z(-25)?
9
Let p = -72181 + 105606. What is the ten thousands digit of p?
3
Let q(l) = -3*l**2 - 6*l + 24. Let y be q(-4). Suppose 124 = u - 3*d + d, -4*d - 12 = y. What is the units digit of u?
8
Suppose 21657 = 46*w - 73517. What is the hundreds digit of w?
0
Let t = 112843 + -75966. What is the thousands digit of t?
6
Suppose 1129*o - 27286 = 1127*o. What is the thousands digit of o?
3
Let q be (-42)/(-15) - (-16)/(-20). Suppose 5*d + 0*c - 1719 = 3*c, q*d = -3*c + 675. What is the tens digit of d?
4
Let w = 803 - -2441. What is the hundreds digit of w?
2
What is the tens digit of (1314/(-27))/(18/63 + 12272/(-42756))?
5
Let g(j) = 3*j**2 - 5*j + 29. Suppose -3*s + 2*c + 27 = 0, 8*c - 5*c = -s + 20. What is the hundreds digit of g(s)?
3
Suppose t + 4*y = -1576, 9*t - y - 6289 = 13*t. Let l = -1043 - t. What is the tens digit of l?
2
Suppose -15*o - 1352 + 3782 = 0. Suppose o = -58*d + 60*d. What is the units digit of d?
1
Let c be 3 + (39/(-21) - (-2)/(-14)). Let o be 0/(-10) + c*4*44. Suppose o = -14*s + 16*s. What is the units digit of s?
8
Let u(l) = 5*l - 39. Let k be u(12). Suppose 8 = -3*t + 29. What is the tens digit of t/k*(-3 + 2 - -58)?
1
Suppose 0 = f - 5, 0*f - 3*f + 17934 = 3*b. What is the hundreds digit of b?
9
Let s = 20 + -11. Let b(r) = 9*r - 26*r + 10*r + s. What is the tens digit of b(-9)?
7
Let z be -2*(0 - 1) + 3. Suppose -2*f + z*q + 0*q = -120, 120 = 2*f - q. Let s = f + -55. What is the units digit of s?
5
Let d(k) = 274*k**2 + 2*k + 2. Let x be d(-1). Suppose 0*f + 3*y = -f + x, -3*f = -y - 842. Suppose 4*i = -28 + f. What is the tens digit of i?
6
Let v = 93 - 86. Suppose -3089 = -v*z - 1297. What is the hundreds digit of z?
2
Suppose 3*g - 232 = 4*q, -172 = -3*g - 4*q + 100. Suppose -191 - g = -5*i. Suppose y + 2*y = -4*z + 37, -5*z = -5*y - i. What is the units digit of z?
0
Suppose -219*y + 78228 = -218*y + 3*a, 391044 = 5*y - a. What is the hundreds digit of y?
2
What is the tens digit of 3/(21/(-35) + 2112318/3520105)?
1
Suppose 75*u + 243503 = 4785559 - 665606. What is the ten thousands digit of u?
5
Let s(i) = 24*i**2 + 5*i - 7. Let n be s(1). Let b(j) = -20*j - 8 + 3*j**3 - 4 - 2*j**3 - 21*j**2. What is the tens digit of b(n)?
3
Let t = -240 + 108. Let z be (-2)/(-11) + 2/(t/(-6654)). What is the tens digit of (z - 0) + 116/(-29)?
9
Let z be (-183)/(-6)*(1 + -3)*7. Let i = -202 - z. What is the units digit of i?
5
Suppose -55*n = 41*n - 35*n - 1759118. What is the thousands digit of n?
8
Suppose 3891*p - 482756 = 3881*p - 41646. What is the hundreds digit of p?
1
Let w = -2440 + 5434. What is the tens digit of w?
9
Let s = 18945 + -7629. Suppose 0 = 7*y - s + 3280. What is the tens digit of y?
4
Suppose 5*t + 108*a - 161369 = 104*a, -t + 2*a + 32257 = 0. What is the ten thousands digit of t?
3
Let c = 1526 - 2439. Let q = 1729 + c. What is the units digit of q?
6
Let h(d) = -6118*d - 13759. What is the tens digit of h(-12)?
5
Let n be -8 + (6 - 1) + 3. Suppose n = -18*f + 9*f + 12771. What is the units digit of f?
9
Let k(z) = -z**3 - 6*z**2 - 6*z - 3. Let w be k(-5). Suppose w*x - 1222 = -4*t, 4*x - 13*t - 2438 = -18*t. What is the units digit of x?
7
Suppose 2*n - 67048 = -5*i, -4*n - 4544 = -i + 8892. What is the ten thousands digit of i?
1
Let d = -30653 + 44101. What is the tens digit of d?
4
Suppose -2*k = -3*t - t + 22, -4*t = 5*k - 29. Suppose -36 = -t*g - 12. Suppose 5*q + y - 785 = 0, -y + g*y - 301 = -2*q. What is the hundreds digit of q?
1
Suppose 5*i = 14*i - 45. Suppose 0*n - 1039 = -3*u + 4*n, 4*u - i*n = 1385. What is the hundreds digit of u?
3
Suppose 0 = 4*z + 7 - 3. Let d be -57*-1*(-4 - z). Let x = -104 - d. What is the tens digit of x?
6
Let s be 6/36*1 - 58/(-12). Suppose 3340 = 15*a - s*a. What is the hundreds digit of a?
3
Suppose 341*b = 23786 - 4453 + 13744. What is the tens digit of b?
9
Let w(d) = -305*d - 135. Let l be w(-23). Suppose 5*h = 21*h - l. What is the units digit of h?
0
Let q(y) = 5*y + 11. Let i be q(-8). Let b = i + 10. What is the units digit of (3/2)/(b/(-760))?
0
Suppose 88 = -2*c + 130. Suppose t + 0*t = 19. Suppose 20*u - t*u - c = 0. What is the tens digit of u?
2
Let g(s) = 5*s + 43. Let i be g(-9). What is the units digit of 306 + i + 0/(-3 + 2)?
4
Suppose -7*w - 33355 = -5*z - 9*w, 0 = 2*z - 6*w - 13376. What is the thousands digit of z?
6
Let r(f) = -2*f - 4*f**3 + 2 - f + 6*f + f**2. Let h = 751 - 753. What is the units digit of r(h)?
2
Suppose m = 2*f + 10799, -6*m = -9*m - 2*f + 32373. What is the hundreds digit of m?
7
Suppose 10*r + 1029 = 11*r. Suppose r = -10*c + 3119. What is the hundreds digit of c?
2
Let k(s) = -69*s**2 - 9*s + 56. Let n(f) = 36*f**2 + 4*f - 28. Let p(z) = -3*k(z) - 5*n(z). What is the units digit of p(3)?
6
Suppose -8*c + 75 - 19 = 0. What is the tens digit of -5 + c + (-1 - 0)*-479?
8
Let k(t) be the second derivative of -15*t**3 + 37*t**2/2 - 80*t. What is the tens digit of k(-4)?
9
What is the tens digit of 2301/1*(-6 - (0 + -7))?
0
Let f = 92909 + -37614. What is the ten thousands digit of f?
5
What is the hundreds digit of (83389 - 12)*(2*(4 + -6))/(-14)?
8
Let t(r) = 19*r**2 + 4*r. Let z be 546/21 + 1 + -4. Let u be 5/(-1) + 69/z. What is the tens digit of t(u)?
6
Suppose 30 = 5*m - 3*l, 0 = -m - 2*l + 3*l + 4. Suppose 10*u - 63 = m*u. What is the tens digit of u?
6
Let b = 0 + 0. Let o(g) = -g**3 + 2*g**2 - 2*g + 7. Let r be o(2). Suppose b*l - r*l = -252. What is the units digit of l?
4
Let w(u) = u**3 + 18*u**2 + 9*u + 22. Suppose 57 = -6*j - 45. What is the hundreds digit of w(j)?
1
Suppose 5*h = 2*n - 20985, -281*n - 10491 = -282*n + 4*h. What is the thousands digit of n?
0
What is the hundreds digit of -3*(7 - (-98296)/(-66))?
4
Let h(g) = -29*g. Let z(y) = -7*y + y**2 + 0*y + 17 + 2*y - 4*y. Let c be z(5). What is the tens digit of h(c)?
8
Suppose -3*r + 1079 = 1094, -2*c + 58637 = 5*r. What is the ten thousands digit of c?
2
Suppose -4*o = -x - 48952, -1 = -7*x + 27. What is the ten thousands digit of o?
1
Suppose 2*f - 100 = -120. What is the tens digit of (-44)/10 + (-4)/f + 267?
6
Let d(z) = -z**2 - 7*z - 10. Let g be d(-5). Suppose g = o - 4*b - 14, -3*o = o - 4*b + 4. What is the units digit of 700/(-15)*o/5?
6
Let l(s) = s**2 - 278*s - 56. What is the thousands digit of l(-38)?
1
Let c = 776 - 1088. What is the units digit of (c/(-182))/(2/469)?
2
Let l(h) = -3*h**2 - 578*h + 97. What is the hundreds digit of l(-109)?
4
Suppose 2*x = 2*d + 2*d + 26, -2*x = 5*d - 8. Let j = 9 - x. Suppose j = z - 12 - 37. What is the units digit of z?
9
Let h = -263 - -242. Let p(i) = -i**3 - 19*i**2 + 37*i + 23. What is the hundreds digit of p(h)?
1
Let w = 3 - -9. Suppose -w*f = -39 - 33. Suppose -6 - f = -2*d - 2*z, 2*d = z + 21. What is the units digit of d?
9
Suppose -42*f - 232 = -22. Let m(l) = -312*l - 117. What is the hundreds digit of m(f)?
4
Let l(j) = -j**3 + 2*j**2 + 25*j + 48. Let w be ((720/(-42))/(-6))/(14/(-49)). What is the units digit of l(w)?
8
Let a be 355/(-105)*-15 + 4/14. Suppose n - a + 579 = 0. Let f = n - -741. What is the units digit of f?
3
Suppose 38*l = 4*l. Let a(i) = -4*i + 672. What is the tens digit of a(l)?
7
Let q(v) = 5*v**2 + 159*v - 540. What is the thousands digit of q(79)?
3
What is the ten thousands digit of (((-1141540)/5)/(30/15))/(-2)?
5
Let o be 24/(-1)*((-36)/8 + 4). Suppose -2*d = 3*j - 43 + o, -3*d + 44 = 5*j. What is the units digit of d?
3
Let z = 102 - 123. What is 